er when 202 is divided by q.
10
Suppose 0 = -5*m + m - 2*h + 10, -m - 5*h - 2 = 0. Calculate the remainder when (5/(-5))/((-2)/6) is divided by m.
0
Suppose -101 = -5*p + 378 + 76. Suppose 0*f = 2*f + 4*j + 170, -j = 5*f + 398. Let r = 117 + f. Calculate the remainder when p is divided by r.
35
Let w(n) = -5*n + 4*n - n**3 - 89 + 114 + 0*n + n**2. What is the remainder when 46 is divided by w(0)?
21
Suppose 0*p = 4*p + 12, 81 = 4*j + 5*p. Suppose 0 = 3*c + 6 - j. Suppose -108 = 2*v - c*v. What is the remainder when 79 is divided by v?
25
Let l = -1274 - -1490. What is the remainder when l is divided by 49?
20
Suppose 2*i + 2*i + 4 = 0, 2*c - 5*i - 81 = 0. Let z = 54 - c. What is the remainder when (-29)/(-4) + z/(-64) is divided by 5?
2
Let s(p) = -52*p - 49. Let i be s(4). Let b = i - -390. What is the remainder when b is divided by 15?
13
Let f(n) = -n**3 + 2*n**2 + n - 4. Let i(q) = q**3 - 28*q**2 + 4*q - 99. What is the remainder when f(-5) is divided by i(28)?
10
Suppose -2*f - f = -3*z, -3*z - 5*f + 8 = 0. Suppose -k - k + 13 = 3*j, 5*k - 3*j - z = 0. Calculate the remainder when 30 is divided by k - (-12 + 3) - 3.
6
Let u be (-4)/(-18) - 992/(-72). Suppose 3*l + 5*b = -4, -2*b = 3*l - 8*l + u. Suppose -x = -l*x + 17. Calculate the remainder when x is divided by 10.
7
Suppose 7 = v - 4. Calculate the remainder when -2*((-2)/12 + (-84)/9) is divided by v.
8
Let d = -69 - -662. What is the remainder when d is divided by 30?
23
Suppose 3*v - 4 = i, -3*i + v = -6 + 2. Suppose -p - 3 = -i*p. Let q = p - -4. What is the remainder when 20 is divided by q?
6
Calculate the remainder when (1 + -1 - -5) + 19 is divided by 13.
11
Let v be 4/30 + 192/(-90). Let o be v/3 + (-7)/21. Let r = o + 15. Calculate the remainder when 54 is divided by r.
12
Let z(k) = -8*k**3 + 1. What is the remainder when 128*4/10 - (-4)/(-20) is divided by z(-1)?
6
Let c be (18/(-10))/(21/(-70)) - 1. Suppose y + 2 = 2*w - 5, -c*y = 4*w + 7. What is the remainder when 23 is divided by w?
1
Suppose 3*q = -113*c + 116*c + 240, 0 = -5*q - 2*c + 414. What is the remainder when 732 is divided by q?
76
Let g(n) = 4*n - 7. Let r(m) = -m + 2. Let x(s) = 6*g(s) + 22*r(s). Let q = -4 + 6. What is the remainder when x(0) is divided by q?
0
Suppose 3*d + 219 = -3*c + 1188, 3*c + 5*d - 971 = 0. What is the remainder when c is divided by 19?
18
Let w be 6 + (-3)/1 - -373. Suppose 5*q - 264 - w = 0. Suppose 0 = -5*c - 3 + q. What is the remainder when c is divided by 13?
12
Suppose n = -3*n + 12. Let o be ((-276)/(-18))/((-2)/(-3)). Let y = o - 12. What is the remainder when y is divided by n?
2
Calculate the remainder when 1776/(-56)*-7 - 2 is divided by 108.
4
Let j = -6 - -9. Suppose 0 = -5*l + 5*g + 50, -3*l + 24 + j = -2*g. Let t(d) = d**3 - 7*d**2 + 2*d - 3. What is the remainder when 32 is divided by t(l)?
10
Suppose 4*c = 3*c + 43. Suppose r - 5*b + 6 = -r, -c = -5*r - 2*b. Suppose -5*z - u - u + 68 = 0, z - 4*u = -4. What is the remainder when z is divided by r?
5
Let a = -2207 - -2337. Calculate the remainder when a is divided by 33.
31
Let x = 459 + -251. Calculate the remainder when x is divided by 19.
18
Let d(v) = -v**2 + 4*v + 2. Let f = 29 - 23. Suppose -9 = -5*m + f. Calculate the remainder when 23 is divided by d(m).
3
Suppose 0 = 5*f + 4*c - 121, -6*f - 75 = -9*f - 3*c. Calculate the remainder when f is divided by 17.
4
Let d be -3*((-11)/3 - -2). Suppose 3 = m + 2*v, m + 5 = -d*v - 7. Calculate the remainder when 36 is divided by m.
10
Let t be 1*(2/8 - 18/8). Let x(f) = f + 5. What is the remainder when 15 is divided by x(t)?
0
Let a(y) = y**3 + 62*y**2 + 171*y + 170. What is the remainder when a(-59) is divided by 33?
29
Let a be -2*(415/10 + 2/4). Let f = a + 108. What is the remainder when 45 is divided by f?
21
Let y(q) = -24*q - 4. Calculate the remainder when y(-3) is divided by 2 - ((-3)/(-1) - 11).
8
Let f = 4 + -1. Suppose o = -2*g + 7 - f, 3*o - 20 = -4*g. Calculate the remainder when (2 + (-33)/(-2))*2 - 3 is divided by o.
10
Let o = 269 + -218. Calculate the remainder when o is divided by 3.
0
Suppose 3*z - j = 2*j + 1230, j - 416 = -z. What is the remainder when z is divided by 23?
22
Suppose 0 = 3*r - 469 - 683. What is the remainder when r is divided by 35?
34
Let a(m) = -m**2 - 2*m. Let f be a(-2). Suppose f = -i - 4*x + 24, -3*i - 3*x + 11 = -4*i. Suppose -2*k + k = -15. What is the remainder when k is divided by i?
3
Let q = 750 + -341. What is the remainder when q is divided by 84?
73
Suppose -3*b + 3 + 51 = 0. What is the remainder when 431 is divided by b?
17
Let m(u) = 2*u**2 - 5*u + 9. Let b be m(9). Let g = -54 + b. Suppose -5*n + g = -263. Calculate the remainder when n is divided by 17.
16
Let b(i) = -i**2 - 13*i - 16. Let j be b(-12). Let r = 14 - j. What is the remainder when 70 is divided by r?
16
Suppose -4*d + 2*d - 3*m - 2 = 0, -1 = d - 4*m. Let j(v) = -488*v + 984*v + 1 - 526*v. What is the remainder when j(d) is divided by 8?
7
Let b = -228 + 501. Suppose 0 = 7*g - 0*g - b. What is the remainder when g is divided by 10?
9
Let j(i) = i + 5. Suppose -3*b = -0*b - 51. Let k = b + -3. What is the remainder when k is divided by j(4)?
5
Let k = -11 - -41. Suppose -3*o + k + 3 = 0. Suppose -10 = -l - 3. Calculate the remainder when o is divided by l.
4
Let d be (-3 + 23/7)*-7. Let y be 3/d*(0 - -66). What is the remainder when (-810)/(-22) + (-18)/y is divided by 8?
5
Let u = 538 - 519. Calculate the remainder when 188 is divided by u.
17
Let y = 67 - 66. Let a(v) = 89*v**3 + v**2 - v - 1. Calculate the remainder when a(y) is divided by 30.
28
Suppose 335 = 3*p - 301. Suppose j - p = -3*j. What is the remainder when j is divided by 28?
25
Suppose 4*f + 4*j - 263 - 89 = 0, f - 4*j = 98. Calculate the remainder when 268 is divided by f.
88
Let v = 140 - -86. What is the remainder when v is divided by 33?
28
Suppose 230*g - 229*g = 41. Calculate the remainder when 72 is divided by g.
31
Let g be 3*27 + -13 + 11. Let n = -46 + g. Let r = 5 + 1. What is the remainder when n is divided by r?
3
Suppose 0 = 4*o - 188 - 344. Calculate the remainder when ((-228)/o)/(2/(-119)) is divided by 15.
12
Suppose -3*h = -8*h + 10. Suppose 87 = -h*x - 35. Let c = 87 + x. What is the remainder when c is divided by 10?
6
Suppose 0 = 7*m - 152 + 5. Let j(x) = x**2 + 5*x - 1. Let g be j(-5). What is the remainder when ((-378)/3)/(-2) + g is divided by m?
20
Suppose -9 = 2*j - 101. Suppose -2*g - 3*x = 3*g - j, 4*x = 8. What is the remainder when 46 is divided by g?
6
What is the remainder when 1070*3/9*(-135)/(-225) is divided by 24?
22
Suppose -2*t + 16 = -p, -8 + 48 = 5*t - 5*p. What is the remainder when 66*(-2)/(7/((-14)/t)) is divided by 17?
16
Let s = -23 - -36. Suppose -87 = -8*b - 47. What is the remainder when s is divided by b?
3
Let f(y) = 4*y**2 + y + 1. Let q be f(-1). Suppose -q*c + 134 = -2*l, 2*c = -0*l - l + 73. Calculate the remainder when 104 is divided by c.
34
Let d(u) = -u - 2*u + 3*u - 1 + 9*u**2 + u. Suppose 2*g + 10 = 4*a, 2*g + 3*a + 9 = -2*g. Calculate the remainder when d(g) is divided by 20.
17
Let y = 644 - 1199. Calculate the remainder when ((-18)/(-15))/((-6)/y) is divided by 28.
27
Suppose 3*a = -5*r - 16, 3*r + 0 + 21 = 2*a. Let l(y) = -3*y**3 - 13*y**2 - 9*y + 12. What is the remainder when l(r) is divided by 22?
19
What is the remainder when 260 is divided by 11 + -21 - (0 + -31)?
8
Suppose 21 = 5*o - 4*o. Suppose 3*v - 4*q = -2*v + o, -2*v + q + 9 = 0. Suppose 3*i - 2*i = 7. Calculate the remainder when i is divided by v.
2
Suppose -15*l + 792 = -9*l. Calculate the remainder when l is divided by 69.
63
Suppose 1123*k - 1980 = 1111*k. What is the remainder when k is divided by 43?
36
Let f(u) be the second derivative of u**4/12 + 2*u**3 - u. Let x(d) = -d**2 - 4. Let l be x(3). What is the remainder when f(l) is divided by 4?
1
Suppose 2*x + 3*z + 3 = 0, 4*z + 6 + 26 = 2*x. Calculate the remainder when 7/(21/36) - 2 is divided by x.
4
Suppose 386 = 7*f - 2253. What is the remainder when f is divided by 23?
9
Suppose -44*x = -46*x - 26. Let l = 13 - x. What is the remainder when 103 is divided by l?
25
Suppose 5*x = -u + 312, 3*x - 195 = 4*u - 2*u. Calculate the remainder when 112 is divided by x.
49
Let h be (-16)/(-6) - 4/(-